and 171.
57
Let v be 3 + -4 + 8/1. Suppose 2*c = -v*k + 3*k + 34, -5*c = -4*k - 15. What is the highest common factor of c and 2?
1
Let q be (51 - -1) + -3 + 4. Let k = -19280 + 20022. What is the greatest common factor of q and k?
53
Let d(x) be the third derivative of -x**4/24 + 10*x**3/3 + x**2. Let l = 2832 - 2817. Let p be d(l). Calculate the highest common divisor of 20 and p.
5
Let p be (-1435)/(-574) - (-3251)/2. What is the greatest common divisor of p and 28?
4
Suppose -2*c - 2*m + 265 + 417 = 0, -c + 4*m = -361. Calculate the highest common divisor of 1081 and c.
23
Suppose 4*r + 3*v = 19, v = 2*r + 4*v - 11. Suppose t = -r*g + 15, 22*g - 18*g = t + 9. Calculate the highest common divisor of t and 15.
3
Let m(c) = -3*c + 90. Let t be m(-3). What is the greatest common factor of 54 and t?
9
Let s(g) = 2*g**2 + g + 1. Let b(h) = -h**3 - 13*h**2 - 3*h + 23. Let r(v) = b(v) + 6*s(v). Let x be r(0). What is the greatest common divisor of 261 and x?
29
Let b be 24/132 - ((-3)/((-165)/(-163615)) + -5). What is the greatest common divisor of b and 50?
10
Let r = -36 + 72. Let n(h) = -4*h + 8. Let q be n(-6). Let g = -8 + q. Calculate the greatest common divisor of g and r.
12
Suppose -4*j + 32 = 4*r, r + j + 7 = 3*j. Let y be 1*(r + -4 + 2). Suppose 3*o + 9 = -3*v, o = 3*o + 3*v + 10. What is the highest common divisor of y and o?
1
Suppose -206 = -12*r + 2242. Let i = r + -168. What is the greatest common divisor of i and 84?
12
Let c = -2644 - -3129. What is the greatest common factor of 10 and c?
5
Let q(f) = 218*f**2 - 16*f + 18. Let r be q(1). Calculate the highest common factor of 44 and r.
44
Let b(a) = a**3 - 15*a**2 + 3*a + 3. Let p be b(15). Let r = 193 - 187. What is the highest common divisor of p and r?
6
Suppose 17*l - 4*a = 16*l + 361, 5*l = 5*a + 1865. Suppose -y = -w - l, 2*y - 14*w - 754 = -18*w. What is the highest common divisor of 29 and y?
29
Let m = 46 - 46. Suppose -4*p + 5*b + 31 = m, -24 = -5*p + b + 20. Calculate the greatest common divisor of p and 144.
9
Let c(j) = -j + 4. Let o be c(-2). Let p be (-2)/o*165*-1. Suppose -6 - 126 = -6*a. What is the greatest common factor of p and a?
11
Suppose 5*g - 4*g + 2*r = 63, -5*g + 2*r = -267. Let s be (2464/g)/(2/15). What is the highest common divisor of s and 42?
42
Let s(u) = 281*u + 5353. Let z be s(-19). What is the highest common factor of z and 13594?
14
Let d be 15*((-244)/(-20) - 5). Suppose d = m - 17. What is the highest common factor of 100 and m?
25
Let t(j) = 8*j + 327. Suppose 0 = -57*v + 41*v - 384. Let y be t(v). Calculate the highest common factor of y and 315.
45
Suppose 0 = 7*f + 11*f - 180. Suppose -3*i + 62 = -f. Calculate the greatest common divisor of 6 and i.
6
Let j = -7356 - -8214. What is the greatest common factor of j and 682?
22
Let x(g) = -2*g**2 - 157*g + 1028. Let w be x(6). What is the greatest common divisor of 6034 and w?
14
Suppose -5*o = -5*x - 640, -90*x - 236 = -2*o - 92*x. Calculate the greatest common divisor of o and 246.
123
Suppose -4*u - 13 = 5*p - 40, 0 = 2*p - 2*u - 18. Let m be 1326/p - (-7)/(-49)*3. What is the highest common divisor of m and 3?
3
Suppose -16*b = -24*b + 40. Suppose 2*m - 11 = -3*o + 90, b*m - 247 = -2*o. What is the highest common divisor of m and 35?
7
Suppose m = -6, 4*m + 2334 = 3*k + 5*m. Calculate the greatest common factor of 34710 and k.
390
Let k(m) = m**2 - 131*m - 325. Let u be k(134). What is the highest common divisor of 26257 and u?
77
Let y be -4 + 111/12 + 2/(-8). Suppose y*q - 2*x = 769, 4*q = 4*x + 477 + 143. Let n be (4 + -3)*104 - 2. What is the highest common factor of n and q?
51
Suppose -2*p + 2*q = -132, -19*q - 206 = -3*p - 14*q. Calculate the greatest common factor of 14 and p.
2
Let d = 32126 - 18094. Calculate the highest common factor of d and 8.
8
Let o(c) = -c**2 - 109*c + 229. Let g(m) = -21*m + 46. Let v(a) = 22*g(a) - 4*o(a). Let j be v(15). Calculate the greatest common divisor of j and 6.
6
Suppose -84 = -f - 102. Let z = 54 + f. Suppose -2*x + z = -3*n, -x + n + 17 = 1. Calculate the greatest common divisor of 3 and x.
3
Suppose -2*d = -3*z + 40652, 248*z - 54218 = 244*z - 5*d. Calculate the greatest common divisor of z and 16.
16
Let l = 7677 - 7126. What is the highest common divisor of 76 and l?
19
Suppose 0 = 3*r + 5*v + 1 + 5, -4*v = 4*r. Let m be (88/r)/((-9)/(-54)). What is the greatest common divisor of 48 and m?
16
Suppose 16*z - 20*z + 350 = 2*j, 335 = 4*z + 5*j. Suppose x - 29 = 3*n, 3*x = 5*n + z - 19. Calculate the highest common factor of x and 17.
17
Let y be (6 - 60/25)*5/3. Let x be 49/84*y*(-48)/(-7). Let p(s) = 8*s**2 + 2*s + 2. Let d be p(-5). What is the greatest common divisor of x and d?
24
Suppose 3*d + 30 = 9*d. Suppose t - 2*w = 80, -330 = -d*t + w - 5*w. Let h = t + -20. What is the highest common divisor of 20 and h?
10
Suppose -2*n - 216 = 3*l, 5*l = -4*n - 464 + 34. Let j be (16/(-40))/(3/n). Let z(a) = -a + 56. Let c be z(0). Calculate the highest common divisor of c and j.
14
Let m be (((-42)/9)/(-1))/((-7651)/1533 + 5). What is the greatest common factor of m and 292?
73
Suppose 75*p + 396 = 2*k + 72*p, -p = -5*k + 990. What is the highest common divisor of 954 and k?
18
Suppose -h + 33 = 5*y, -119*h = -123*h + 3*y + 17. What is the greatest common divisor of h and 732?
4
Let x(a) = 35*a - 1253. Let f be x(38). Suppose 0 = -3*u - 4*y + 6, -5*u + 3*u = -2*y - 4. Suppose -l + 33 = u*l. What is the greatest common factor of f and l?
11
Let j(w) = 9*w**2 - 575*w + 132. Let r be j(64). Let t = -68 - -118. Let c = t + -22. Calculate the greatest common factor of c and r.
28
Suppose -2*c + c - o - 100 = 0, 0 = -4*c - o - 394. Let b = c - -150. Let n = b + -40. Calculate the greatest common factor of n and 4.
4
Let k be (-10)/20 - 54/(-4). What is the highest common factor of 1976 and k?
13
Let l be (-1)/2 - (-4 + 15/(-10)). Suppose -l*b - 1185 = -4*o - 10*b, -4*o + 2*b = -1206. What is the highest common factor of o and 20?
20
Let j = 136 + -131. Let r be 32/((-4)/(-1)) - j. Suppose 0 = -2*t - 8, -3*q + t = r*t - 40. Calculate the greatest common factor of 128 and q.
16
Let y = 1456 - 1408. Let u(n) = n**3 - 5*n**2 + 3*n + 1. Let w be u(7). What is the highest common divisor of w and y?
24
Let x(s) = -65*s - s**3 - 172*s**2 + 0*s**3 + 193*s**2 + 4. Let r be x(17). What is the highest common divisor of 440 and r?
55
Let r(v) = 4*v**2 - 58*v + 1148. Let g be r(34). What is the highest common factor of 19 and g?
19
Let k(d) = 77*d + 793. Let o be k(-5). Calculate the greatest common divisor of 51 and o.
51
Let f be (3 + -3)/3 + (4 - -8). Suppose f*t = -14*t + 7670. Calculate the highest common divisor of 59 and t.
59
Let t be -1 + 19 + (-13 - (-171)/9). Suppose -g = -0*g - 56. What is the highest common factor of t and g?
8
Let p(a) be the first derivative of a**2 - 85*a + 155. Let q be p(56). What is the highest common factor of q and 171?
9
Let u = 979 - 607. Let t(h) = -63*h**2 + 2*h + 4. Let v be t(-2). Let c = v + u. What is the highest common factor of 24 and c?
24
Let d = 303 - 168. Suppose 2*v - 3*c = -7*c + 302, -v + 2*c = -d. Calculate the greatest common factor of 26 and v.
13
Suppose -5*w + 7 = 32. Let h be 309/9 + w + 85/15. What is the highest common divisor of 10 and h?
5
Let l(o) = -o**2 - 9*o - 9. Let p(h) = 3*h - 1. Let t be p(-2). Let w be l(t). Suppose -52 = -w*d + d. What is the greatest common factor of d and 13?
13
Let g(l) = -32*l - 10*l - 109 - 88 + 149 - 2*l**2. Let z be g(-16). What is the highest common factor of z and 504?
56
Let p be (-167)/(-501) + (-128836)/(-6). Calculate the highest common divisor of p and 109.
109
Suppose -43*v - 19 = -6*v - 574. What is the highest common divisor of v and 3030?
15
Let f be ((-1)/1)/((-5)/15). Suppose 3*g + 4*t = 106, g - 6*g + 162 = f*t. Let y = -23 + 29. What is the greatest common divisor of y and g?
6
Let l be (-1 - 4) + 249 + -7. Let q = l - 174. Calculate the greatest common divisor of 126 and q.
63
Let h be 15/(-2)*(140/(-25) + 2). Let m = h - 20. What is the greatest common factor of m and 217?
7
Suppose 0 = 38*s + 53 + 137. Let i be s - (-14 + -3 + 0). What is the greatest common divisor of i and 18?
6
Let p be (-1)/(5/(-348615)*9). What is the highest common divi